*3 - 1 + 2*m + 0. Let z be s(-3). Let n(u) = 17*u + 2. Calculate the remainder when 73 is divided by n(z).
16
Let g = 120 - 48. Suppose -5*u + 38 = 3*z + 6, -4*z + 3*u = -91. What is the remainder when g is divided by z?
15
Let w(u) = 38*u**2 - 7*u - 6. Calculate the remainder when w(-1) is divided by 3.
0
Let s = 0 - -4. Suppose 4*k = 3*o - s*o + 7, 0 = -o + 5*k + 16. Calculate the remainder when o is divided by -3*(-16)/(-6) - (29 + -44).
4
Suppose -6*m + 3*m = -12. Let j be ((-22)/m)/((-8)/16). What is the remainder when j/(-5)*(-4 - 1) is divided by 4?
3
Let h = 2100 + -1913. Calculate the remainder when h is divided by 15.
7
Let z(b) = 3*b + 30. Calculate the remainder when 180 is divided by z(9).
9
Let p(b) = -b**2 + 6*b + 5. What is the remainder when 142 is divided by p(0)?
2
Suppose 0 = 43*t - 16*t - 5346. What is the remainder when t is divided by 34?
28
Suppose 185 = -2*t + 75. Let n = -13 - t. What is the remainder when n is divided by 15?
12
Let d = 107 + -215. Let z = -24 - d. Suppose 4*f - z = -2*b - 0*b, -3*b = -4*f - 156. Calculate the remainder when b is divided by 17.
14
Suppose 3*t - 13 = -4. Suppose -4*r + 236 = t*k + r, 0 = 2*k + 5*r - 154. Calculate the remainder when k is divided by 21.
19
Let c = 2150 - 2049. What is the remainder when 905 is divided by c?
97
Suppose -4*t = -2*g + 45 + 1, 2*g + 5*t - 19 = 0. What is the remainder when 20 is divided by g?
3
Suppose -24*a + 54 = -450. What is the remainder when 202 is divided by a?
13
Let r(n) = 40*n - 5. What is the remainder when r(2) is divided by (-6)/21 + 540/28?
18
Suppose -13*h + 94 + 49 = 0. Calculate the remainder when 0 + 39 - 1/(-1) is divided by h.
7
Let l = -104 + 153. Suppose 3*r - 7*b = -3*b + l, 0 = 5*r + 5*b - 105. What is the remainder when ((-6)/4)/((-9)/444) is divided by r?
17
Let n(d) = -2*d**3 + 41*d**2 + 23*d - 5. Calculate the remainder when 737 is divided by n(21).
34
Let u = 23 + -11. Let j be 2 + (3/3 - -1). Suppose 0 = 4*o - 8, -3*m = o - j*o - 60. Calculate the remainder when m is divided by u.
10
Suppose -3*c - 5 = -n - 0*c, -5*n - 5*c - 15 = 0. Calculate the remainder when 78 is divided by 8*-6*n/3.
14
Let q = 20 + 0. Suppose -4*y = 16, -6*n - 2*y = -2*n + q. What is the remainder when (n/6)/((-1)/194) is divided by 25?
22
Let b = 22 - 18. Suppose 5*z + g - 55 = 542, 0 = -z + b*g + 111. What is the remainder when z is divided by 30?
29
What is the remainder when ((-30)/(-20))/(-2 + 191/94) is divided by 25?
22
Suppose 20*a - 38 = 2. Calculate the remainder when (-13)/a*(-15)/(105/154) is divided by 48.
47
Let c(o) = o**3 - 2*o**2 + 2*o - 3. What is the remainder when 19 is divided by c(2)?
0
Suppose 10*h = 334 + 16. Calculate the remainder when 40 is divided by h.
5
Let q = 35 - 12. Let b(j) = 8*j**2 - j - 7*j**3 + 4*j + 6*j**3 - 12. What is the remainder when q is divided by b(8)?
11
Let r(p) = 71*p - 462. Let s(y) = 16*y - 4. Let v be s(5). Suppose -5*h + 4*z + v = -0*z, -4*z + 20 = 3*h. Calculate the remainder when r(7) is divided by h.
11
Let s(d) = -33*d + 145. What is the remainder when 154 is divided by s(4)?
11
Calculate the remainder when 243 is divided by 1/2 + 42809/178.
2
Suppose 11*y - 5*y = 174. Suppose 5*z + 2*g = -0*g + 42, -5*z = -3*g - 37. What is the remainder when y is divided by z?
5
Let m(i) = -i + 11. Let s be m(5). Let y = -3 + s. Suppose -3*z - y*z + 90 = 0. What is the remainder when 42 is divided by z?
12
Suppose 146*c - 3673 - 999 = 0. Calculate the remainder when ((-59)/4)/((-1)/4) is divided by c.
27
Suppose 4*y + 4*z - 405 = 7*z, 335 = 3*y + 4*z. What is the remainder when y is divided by 12?
9
Suppose -4*s - 2*x = -162, -s = -5*x - 13 - 0. What is the remainder when 138 is divided by s?
24
Let a(t) be the third derivative of t**6/120 - t**5/20 - t**4/6 - 11*t**3/6 + 4*t**2. What is the remainder when a(6) is divided by 26?
21
Let x = -3 - -7. Suppose u + 0*s - s = 110, x*u - 431 = s. Let j(n) = 27*n**2 - n + 1. What is the remainder when u is divided by j(1)?
26
Let p(z) = z**3 + 35*z**2 - 50*z - 77. Let d be p(-32). Calculate the remainder when d/40 + 2/16 is divided by 13.
11
Suppose -2*p + 4 = 0, 2*k + 6 = -3*p + 50. Suppose -g = -46 + k. What is the remainder when 53 is divided by g?
26
Let s(h) = h**3 - 10. Let l be s(0). Let y = l - -21. Let t = 252 + -234. Calculate the remainder when t is divided by y.
7
Let j be (-27)/(-18)*(-4)/(-3). Let g(x) = -12 - 3*x**j + 2*x**2 + 8 + 8*x. What is the remainder when g(6) is divided by 3?
2
Let f = -181 - -180. Let y be -5 - ((0 - 1) + 0). Calculate the remainder when 25 is divided by 8 - f - 0/y.
7
Suppose -2*x = -4*q - 70, -3*x + 6*x - 119 = -q. Let m = -798 - -913. What is the remainder when m is divided by x?
37
Let w = 11 + -23. Let v be (-128)/(-2)*w/(-16). Let g = 87 - v. What is the remainder when g is divided by 21?
18
Let v be (2 + -4 + 0)*-2. Suppose -3*p - 5*b + 93 = -2*b, -139 = -v*p - b. Suppose 6*y - 2*y = p. Calculate the remainder when y is divided by 5.
4
Let r(x) = -3*x - 7. Let t be r(-3). Suppose -t*z - 3 = -9. Suppose 3*b - z*q + 12 = 63, 5*q + 7 = -b. Calculate the remainder when b is divided by 7.
6
Let w = -224 + 289. Let u be 276/10 + (-4)/(-10). Let b = w - u. Calculate the remainder when b is divided by 19.
18
Suppose 0*p + 5*w + 63 = 4*p, 5*p - 120 = -2*w. What is the remainder when 62 is divided by p?
18
Let l(m) = m**2 - m - 5. Let i be l(6). Suppose -i = -8*u + 7*u. Calculate the remainder when u is divided by (20/2 - 0) + -1.
7
Suppose -5*d - 5*c + 30 = 0, 5*c = d - 0*d + 12. Suppose -5*n + 4*b + 41 = 0, -8*n = -7*n - b - 9. Calculate the remainder when n is divided by d.
2
Let g = 43 + -34. Let d(k) = -2*k - 10. What is the remainder when d(-13) is divided by g?
7
Let a be 0/(3/(-3) - 0). Let r(l) = l + 14. Calculate the remainder when 37 is divided by r(a).
9
Let r be 29/9 + (-8)/36 - -2. Suppose -3*h + 31 = -3*j - 98, -r*h = -j - 215. What is the remainder when 170 is divided by h?
41
What is the remainder when 83 is divided by -35 + 29 + 3*18?
35
Let s(a) = 11*a**2 - a - 3. Let c be s(-2). Suppose -3*z = 2*f + 5 - c, 5*f - 18 = -2*z. Let h = z - -1. What is the remainder when 37 is divided by h?
7
What is the remainder when 53 is divided by 3*((-330)/9)/(-11)?
3
Let v = -44 + 21. Suppose -2*d = d + 36. Let k = d - v. Calculate the remainder when 31 is divided by k.
9
Suppose 5*u - 60 = 70. What is the remainder when 41 is divided by u?
15
Let r = 79 - 41. Let p = 56 - r. What is the remainder when p is divided by 4?
2
Let w = 39 - 7. Let y = -210 + 271. What is the remainder when y is divided by w?
29
Let f(m) = -m**3 + 4*m**2 + 3*m + 5. Calculate the remainder when 235 is divided by f(-3).
58
Let z be 7 + (0 - (1 - 0)). Let p(x) = x**2 - 4*x + 8. Let j be p(z). Suppose 5*i = -4*k + 33, 2*k + k - i = j. Calculate the remainder when 13 is divided by k.
6
Let x be -70*(3/5 + -1). Let u(v) = v**2 - 26*v + 38. Let h = 31 - 7. What is the remainder when u(x) is divided by h?
22
Suppose -b + 6*h = 9*h - 20, -4*b = -5*h - 165. What is the remainder when 66 is divided by b?
31
Suppose -o = 2*o + 12, -5*q = 3*o - 43. Let p be (1 + -1)/(-9 + q). Suppose 5*d - 91 - 164 = p. What is the remainder when d is divided by 13?
12
Let c = 650 + -514. Calculate the remainder when c is divided by 15.
1
Let l = 42 - 19. Suppose 0 = -t - 3*r + 6, -t + 3*r = -9 - 9. What is the remainder when l is divided by t?
11
Let i = -12 + 38. Suppose -16*z = -14*z - i. Suppose 0*x + x - z = 0. What is the remainder when x is divided by 5?
3
Suppose -3*q - 1610 = -4*j + 930, -4*j - 3*q + 2564 = 0. What is the remainder when 12/10 - 2 - j/(-10) is divided by 11?
8
Suppose 21 = -3*g + 57. Calculate the remainder when g is divided by 11/(-22)*(1 + -9).
0
Let j = -36 + 83. Calculate the remainder when j is divided by 43.
4
What is the remainder when (824/12)/((-30)/(-135)) is divided by 49?
15
Let u = -185 + 262. Calculate the remainder when u is divided by 4.
1
Suppose 0 = -2*o - 2 - 8. Calculate the remainder when 161 is divided by 22/(-8) + o/20 - -44.
38
Let y(n) = 20*n**2 + n. Let i = 2210 - 2188. What is the remainder when y(2) is divided by i?
16
Suppose 0 = -h + 2*c - 123, h + 46 = c - 76. Let g = h + 200. Calculate the remainder when g is divided by 2